-406. Suppose -m = -d - 13*d. Suppose -7*o + 5734 = -d*o. Is o prime?
False
Let c = 410933 + -219762. Is c a prime number?
False
Let n(z) = z**3 - 45 - 7*z**2 + 19*z - 12*z**2 + 5*z. Let o be n(23). Suppose 8*r - o = 2673. Is r composite?
True
Is (494401 + -3 + 6)/(-30 + 34) a prime number?
True
Let f = -5 - -13. Let d(j) = 16*j + f - 5*j - 1808*j**2 + 1841*j**2. Is d(-5) a prime number?
False
Let c = 7 + 2. Let w be c*(4 - 5) + 2. Is 2/w - 61410/(-70) composite?
False
Let f(m) = 210*m**2 - 215*m + 252. Is f(29) composite?
False
Let m(g) = -3*g**2 + 5*g**2 + 737*g**3 - g**2 - 2*g**2 + g. Is m(1) prime?
False
Let k(f) = -7*f + 25. Let g(y) = y. Let m(p) = 5*g(p) + k(p). Let d be 0*(12/3 - 3). Is m(d) a composite number?
True
Suppose 3*v = 2*m + 251147, -14*v - 418583 = -19*v + m. Is v prime?
True
Is 355222 + (48/1)/(-16) prime?
False
Let j be 40/10 - 38583/(-3). Let l = j + -6096. Is l a composite number?
True
Let h(n) = -2*n**2 + 50 - 2*n**2 + 11*n + 8*n**2 + n**2. Let i(d) = 2*d**2 + 5*d + 25. Let t(y) = 3*h(y) - 7*i(y). Is t(20) prime?
False
Suppose 22*f - 12675994 = -25*f. Is f a composite number?
True
Is 297655/15 - 192/72 prime?
True
Let c be 15/(-24)*10*(-4)/1. Is (-1)/(-5)*-1 - (-94030)/c composite?
False
Let t(d) = -2*d - d + 20 + 0. Let c be t(6). Suppose 11*r = -c*r + 21541. Is r a prime number?
True
Let h be 16/64*-268*6/2. Let v = 1603 - 83. Let x = v + h. Is x a prime number?
True
Suppose -7 - 9 = o. Let w be (-3)/((-4)/o*4). Is 37*((-9)/w)/3 a prime number?
True
Suppose -5*d = -4*d - 4*a - 11, -15 = -3*a. Suppose 0 = -v - 35 + d. Is (-6)/v*(-7)/3*-446 a prime number?
False
Suppose -b - 161489 = -5*x, 4*x - 2*b - 129140 = -14*b. Is x a composite number?
False
Let i = -66792 - -122383. Is i prime?
False
Is 33844*((-28)/(-20)*-1 + 1859/260) a prime number?
False
Is (69/6 - 11)*321658 composite?
False
Suppose 90*y - 152*y + 26072426 = 0. Is y a prime number?
False
Let o(z) be the third derivative of -7*z**6/30 - 13*z**4/24 - 4*z**3/3 - 160*z**2. Is o(-5) composite?
False
Let f = -66 - -59. Let w(i) = -153*i + 16. Is w(f) a prime number?
True
Let b(q) = 4*q**3 + 181*q**2 + 46*q + 49. Let p be b(-45). Suppose 4*y - 1149 = 555. Suppose n = -4*g - p*n + y, 0 = 2*g + n - 216. Is g prime?
True
Suppose -5*r = -3*f + 856112, -216 = 4*r - 236. Is f a prime number?
False
Suppose 221*q - 4*v = 222*q - 148037, 2*q = 3*v + 296140. Is q a prime number?
True
Suppose w = -0*w + 2309. Let s = w + 552. Is s a composite number?
False
Let f(q) = -436*q - 12. Let i be f(-3). Suppose -a + i = -t + 6*t, t - 261 = -2*a. Is (-5)/15*0 - -1*t composite?
True
Let o(t) = 8*t + 83. Let x be o(-10). Suppose 5901 = 2*n + a, -x*n - 4*a = n - 11792. Is n a composite number?
False
Let t(h) = -16*h - 184. Let c be t(-12). Is 2334/4 + (-4)/c a prime number?
False
Suppose -4*d + 833 - 7357 = -g, 5*d = 4*g - 26118. Suppose 2*h - g - 7602 = 0. Is h a composite number?
True
Let u = 511433 + 235044. Is u prime?
True
Let h(i) = 34*i**2 - 5*i - 46. Let p be h(8). Let k = 3747 - p. Is k composite?
False
Let q(k) = -363*k + 1616. Is q(-21) a composite number?
False
Let w(j) = -j**3 + 5*j**2 + 5. Let y be w(5). Suppose -5*u = -2*b - 12, u - 15*b + 3 = -20*b. Suppose 5*h - y + u = d, -4*d = -2*h - 78. Is d prime?
False
Let z(c) = -2*c**3 - c**2 - 2*c - 466. Let y(d) = -d**3 - d + 1. Let v(b) = 3*y(b) - z(b). Let n be (3/(-3) + 1)*4*7/56. Is v(n) prime?
False
Suppose 2*j = 4*g + 1056182, -1239600 = -3*j - 2*g + 344673. Is j composite?
False
Let q = -46 - -46. Suppose -4*b - 1 + 41 = q. Suppose b*h - 4629 = 7*h. Is h composite?
False
Let b(n) = 4*n**2 + 34*n + 23. Let x be ((-216)/1)/6*3/(-6). Is b(x) a prime number?
True
Let h = 207 + -204. Is (3 + -7 + h)*-2517 a composite number?
True
Let l(y) = y**3 + 13*y**2 + 24*y + 34. Let d be l(-11). Is 35/(-14)*d/(-10) - -2158 prime?
True
Suppose 4 = -27*t + 85. Let g(b) = 110*b**2 + 1. Let k(r) = -109*r**2 - r - 1. Let z(u) = 4*g(u) + 3*k(u). Is z(t) composite?
False
Let u(d) = 17*d**3 - 6*d**2 - 11*d + 3. Let n be u(-2). Suppose -466 = -4*g + 1158. Let s = g - n. Is s a prime number?
True
Suppose s = 4*m - 39, 19*m - 21*m = 3*s - 9. Let x(j) = j**3 + j + 19 - 2*j - 2*j. Is x(m) a prime number?
False
Let b be (9/(-1) - -4)/(2/788). Let f = 6514 + b. Let a = -2467 + f. Is a a composite number?
True
Let a = -23 + 20. Let h be 3 - (a/3 + -1 - 0). Suppose d - 32 - 67 = 2*i, -h*i = 2*d - 189. Is d composite?
False
Suppose 0 = 4*b + 8 - 24. Suppose -9608 = -4*r + t, r - b*t - 2402 = -6*t. Is r a prime number?
False
Suppose 2*u + 3*u = -4*c + 15, -3*u = -c - 9. Suppose -2*j = 3*a - 15 - u, -4*a + j = -13. Let i(x) = 7*x - 6. Is i(a) composite?
True
Suppose -10*z + 7*z - 2*w + 205409 = 0, -4*z = -3*w - 273907. Is z composite?
False
Suppose 5*k = 5*d + 12017 + 2513, 8713 = 3*k - 4*d. Let z(c) = -61*c**2 - 2*c + 11. Let h be z(5). Let b = h + k. Is b prime?
False
Let z(o) = -120*o - 38. Let s be (-56)/7 - (-3 - (3 - 10)). Let w be z(s). Suppose -17*j - w = -19*j. Is j a composite number?
False
Suppose 33*c - 29*c + 5*i - 1052203 = 0, -2*i = -4*c + 1052182. Is c prime?
True
Suppose 0*q - 5*x = 6*q - 7581, 0 = -4*q - 3*x + 5055. Suppose 0 = -3*r - q + 10809. Is r prime?
True
Let h(u) = -u**3 + 2*u**2 - 2*u + 107. Let m be h(0). Let t = -109 + m. Is 382/t*(2 - 2 - 7) a prime number?
False
Suppose 7*u - 10*u + 226514 = 5*j, 0 = -5*u + 2*j + 377451. Is u a composite number?
True
Let r be (33/42 - 4/14)*6. Suppose -5514 = r*o - 2*f, 2*o - 1843 = 3*o + f. Let h = o - -2609. Is h composite?
False
Is 40/(-250) - 28481839/(-1025) a prime number?
False
Let r(j) = 10*j**2 + 3*j - 4. Let c(n) = 2*n**2 - n. Let f(b) = 2*c(b) + r(b). Let z(i) = -i**3 + 4*i**2 + 3*i + 5. Let s be z(5). Is f(s) a prime number?
False
Let b(s) = 21*s + 1553. Is b(60) composite?
True
Let o = -11034 + 138533. Is o a prime number?
False
Let z be ((-3)/3)/((-7)/28). Suppose -737 = -z*v + 5287. Suppose 6*l = -0*l + v. Is l prime?
True
Let c = 36 + -15. Suppose -21 = -t + c. Suppose 0 = 18*u - 11*u - t. Is u prime?
False
Let m be 8*1/2 + -1. Suppose -2*p + m*f = 4*f - 7, 5*p = -5*f + 15. Suppose -z = 2*z + 5*a - 722, -p*z = -2*a - 1006. Is z a prime number?
False
Let h(k) = -48208*k - 531. Is h(-5) composite?
False
Let h(l) = -l + 5. Let z be h(7). Is (38 - -135)/((-18)/10 - z) a prime number?
False
Suppose 20 = -t - 11. Let o = -7 - t. Is o/16 - 4342/(-4) composite?
False
Let t(v) = 28*v**2 - 2*v - 31. Let w = -51 - -66. Is t(w) composite?
True
Let l(u) = -u**2 - 8*u - 1. Let z be l(-9). Let n(w) = 1621*w + 13*w**2 + w**3 - 1604*w + 23 - w**2. Is n(z) a composite number?
False
Suppose -52 = -k - 3*l, 5*l + 79 = 2*k - 58. Let t = -66 + k. Is ((-12)/(-30) - 9238/t) + -1 a composite number?
False
Suppose -12 = 4*i, 6*i - 3*i - 4859 = -2*m. Suppose -r - 1234 - m = 0. Let c = 6871 + r. Is c a composite number?
False
Suppose -9*h + 4*h = -3*f + 892200, -f = 5*h + 892200. Is (-1)/(-4*(-6)/h) composite?
True
Suppose -3*h - 2*w + 403 = 0, 5*h - 521 = -5*w + 154. Let x = 456 + h. Is x prime?
False
Let o(d) = -275*d**3 - 71*d**2 + 22*d + 29. Is o(-10) prime?
False
Let h(k) = -3*k**3 - 8*k**2 + 112*k + 86. Is h(-29) a prime number?
True
Suppose 3*s - 90*r = -89*r + 1099889, 4*r = s - 366615. Is s prime?
True
Let i(d) = 2181*d - 16. Let o be i(8). Let j = -6081 + o. Is j composite?
False
Suppose -2*j + 8 = 2*j, 3*j - 6 = 5*l. Suppose 4*f - 26 = -3*r + r, 4*r - 5*f - 104 = l. Suppose 17*u + 140 = r*u. Is u a composite number?
True
Suppose 7*h - 317579 - 70368 = 0. Is h a prime number?
False
Suppose 147*m = 9777823 - 3813004. Is m a composite number?
False
Let n(y) be the third derivative of y**5/15 - 11*y**4/24 + y**3/2 - 3*y**2 - 11*y. Let v(o) = 4*o**2 + 3*o. Let g be v(-2). Is n(g) a prime number?
True
Let n be (-770)/(-176) - (-6)/(-16) - 14. Is (85/n)/17 + 583/2 a prime number?
False
Let v = 185611 - 63542. Is v a composite number?
False
Let f(o) = o**3 + 36*o**2 + 39*o + 15. Suppose -141 = 5*v + 4. Is f(v) composite?
True
Let r(d) = 16*d**3 + 12*d**2 + 16*d + 66. Let h(u) = 4*u**3 + 3*u**2 + 4*u + 17. Let s(f) = -9*h(f) + 2*r(f). Is s(-10) composite?
False
Let k(j) = -j**3 + 6*j. Let u be k(3). Let b(v) = -1291*v + 31. Let h be b(u). Suppose 3*o + h = 5*r, -4*r + 5271 + 4051 = -2*o. Is r pri